of 7740 and 110044740?
2580
What is the greatest common divisor of 110 and 35516470?
110
What is the greatest common divisor of 204 and 72446064?
12
What is the highest common factor of 9675836 and 15129?
1681
Calculate the greatest common divisor of 7280 and 2881970.
910
What is the highest common divisor of 6855 and 2918775?
15
What is the highest common factor of 1534140 and 2025?
405
Calculate the greatest common divisor of 22902304 and 1488.
496
Calculate the highest common factor of 579 and 3159067425.
579
What is the highest common factor of 1391 and 50171765?
107
Calculate the highest common factor of 440 and 4842321.
11
What is the highest common factor of 5518085 and 10?
5
Calculate the greatest common divisor of 444930 and 930.
30
Calculate the highest common factor of 12 and 23690652.
12
What is the greatest common divisor of 175 and 14743540?
35
What is the greatest common divisor of 293499902 and 298?
298
Calculate the highest common factor of 60530720 and 10.
10
What is the highest common divisor of 271817 and 136773?
91
Calculate the highest common factor of 42244 and 1242892407.
10561
What is the highest common divisor of 54817 and 49469?
1337
Calculate the highest common divisor of 2328 and 9129058.
194
What is the greatest common factor of 10663290 and 10?
10
Calculate the greatest common factor of 198707 and 78389.
1823
Calculate the greatest common divisor of 57 and 121147762.
19
Calculate the highest common factor of 60 and 4737003.
3
What is the highest common factor of 43602106 and 1028?
514
What is the highest common factor of 450 and 4881180?
30
What is the greatest common factor of 152 and 2691768?
152
Calculate the highest common divisor of 13775 and 9548279.
551
What is the highest common divisor of 28 and 28160408?
4
What is the greatest common divisor of 402209 and 20574?
127
Calculate the greatest common divisor of 105 and 67538016.
21
What is the greatest common divisor of 4540327 and 46139?
1247
What is the highest common divisor of 899 and 1988123?
31
Calculate the greatest common divisor of 4626885 and 6509733.
5349
What is the greatest common factor of 623420 and 4690?
70
What is the greatest common factor of 114140472 and 120?
24
What is the greatest common factor of 15880 and 45103964?
1588
Calculate the greatest common divisor of 3 and 9024018.
3
What is the greatest common factor of 195816579 and 21?
21
What is the greatest common factor of 1635 and 117606640?
545
Calculate the greatest common divisor of 5 and 56339875.
5
Calculate the highest common factor of 1668160 and 2720.
160
What is the greatest common factor of 70161 and 966420?
273
Calculate the greatest common divisor of 21398 and 86892.
26
What is the greatest common divisor of 88567 and 12679?
31
Calculate the greatest common factor of 596823842 and 271.
271
What is the highest common factor of 567757047 and 18876?
4719
Calculate the highest common divisor of 193780 and 116420.
20
What is the highest common divisor of 8190 and 10590?
30
What is the greatest common factor of 620132 and 508427?
677
Calculate the greatest common factor of 21604 and 1657469682.
10802
Calculate the greatest common divisor of 154 and 246084190.
22
What is the greatest common factor of 90 and 1672290?
90
Calculate the greatest common divisor of 306 and 99850010.
34
What is the highest common divisor of 47 and 714463591?
47
What is the highest common factor of 1 and 14298359?
1
What is the greatest common factor of 12635 and 17335?
5
Calculate the highest common divisor of 1054425 and 28050.
1275
Calculate the greatest common divisor of 48744488 and 13.
13
What is the greatest common factor of 18343 and 368407?
221
Calculate the greatest common divisor of 145608576 and 384.
384
What is the greatest common factor of 986328 and 8004?
12
Calculate the highest common factor of 20248 and 1748921.
2531
What is the highest common divisor of 145439 and 231440?
263
What is the greatest common divisor of 283344 and 1176?
24
What is the highest common factor of 9620 and 52832?
52
Calculate the highest common divisor of 4318 and 32732599.
2159
Calculate the greatest common factor of 150 and 8789790.
30
What is the highest common factor of 2541015 and 7335?
45
What is the greatest common divisor of 75766 and 5641924?
1762
Calculate the greatest common divisor of 13702 and 45097.
13
Calculate the highest common factor of 30 and 82903962.
6
What is the highest common factor of 191492 and 236?
4
Calculate the highest common divisor of 27 and 21994839.
9
What is the highest common factor of 13927772 and 232?
116
What is the highest common factor of 6184009 and 52?
13
What is the highest common factor of 438804394 and 1218?
406
Calculate the highest common divisor of 81705628 and 107.
107
What is the highest common factor of 58082546 and 4652?
2326
What is the highest common factor of 701997800 and 8?
8
Calculate the greatest common divisor of 960 and 2607360.
960
Calculate the highest common divisor of 1936194 and 106914.
618
Calculate the greatest common factor of 882636 and 1764.
12
Calculate the greatest common divisor of 99382216 and 8.
8
What is the greatest common factor of 881095 and 1593170?
1565
What is the greatest common divisor of 54 and 7781784?
6
What is the highest common factor of 28 and 328838?
2
What is the greatest common factor of 1660 and 769574340?
1660
What is the greatest common factor of 37 and 21779717?
37
Calculate the highest common divisor of 60421 and 178849.
71
What is the highest common factor of 17 and 5049391?
17
What is the highest common divisor of 916 and 245188010?
458
Calculate the greatest common divisor of 1017698 and 23694.
22
What is the greatest common factor of 40 and 11963000?
40
Calculate the greatest common divisor of 6437 and 257074469.
6437
Calculate the greatest common factor of 31810639 and 12887.
1841
What is the greatest common factor of 364 and 592963?
7
Calculate the greatest common factor of 13811756 and 28.
28
Calculate the highest common divisor of 26595 and 332235.
135
What is the greatest common factor of 6995376 and 99?
9
Calculate the highest common factor of 243666 and 810.
18
Calculate the greatest common divisor of 5160520 and 8840.
680
What is the greatest common divisor of 161715 and 5595?
15
What is the highest common divisor of 248762 and 10962?
58
What is the highest common factor of 10 and 2094410?
10
Calculate the highest common factor of 483840 and 6244.
28
What is the greatest common factor of 378 and 156282?
42
Calculate the highest common divisor of 2968 and 133431263.
371
What is the highest common factor of 2079698 and 31666?
446
What is the highest common divisor of 17136 and 1164296?
952
Calculate the greatest common factor of 57087 and 85689.
9
What is the greatest common factor of 75 and 324060475?
25
What is the greatest common divisor of 467738 and 2380?
34
What is the highest common divisor of 105126 and 382116?
42
What is the greatest common factor of 9475046 and 80122?
826
What is the highest common factor of 17648517 and 120129?
5223
Calculate the highest common factor of 8173 and 27907.
11
Calculate the highest common divisor of 4747 and 341219107.
4747
Calculate the highest common factor of 68116674 and 5754.
822
Calculate the greatest common factor of 136 and 13733161.
17
Calculate the highest common factor of 3369677466 and 7237.
7237
What is the greatest common factor of 35849151 and 92781?
7137
Calculate the greatest common factor of 164929 and 655.
131
What is the highest common divisor of 1397 and 727837?
1397
What is the highest common factor of 124062 and 1132392?
174
Calculate the highest common divisor of 14 and 185660251.
7
Calculate the highest common factor of 6544881 and 4851.
441
What is the highest common divisor of 1545 and 1169594355?
1545
Calculate the greatest common divisor of 86338932 and 3138.
3138
What is the highest common divisor of 4430 and 10957162?
886
What is the greatest common factor of 1519 and 942648?
217
What is the greatest common factor of 978 and 43563706?
326
Calculate the greatest common divisor of 50384 and 15122704.
1072
Calculate the highest common divisor of 41368225 and 34.
17
What is the greatest common divisor of 9401 and 1037204?
119
What is